Let w be (-5)/2*(2 - 4). Suppose -2*v + w = -11. Let d = -35 + 39. Calculate the greatest common divisor of v and d.
4
Let q be (7/(-14))/((-2)/76). Suppose 0 = 4*v + q - 243. Calculate the highest common factor of v and 7.
7
Let y be ((-77)/(-3))/(8/72). Suppose b + 378 = 19*b. What is the highest common divisor of b and y?
21
Let p = -196 + 264. What is the highest common factor of p and 476?
68
Suppose -5*i + 225 = -2*v, i - 45 = 7*v - 12*v. Calculate the greatest common factor of i and 36.
9
Let w(f) = -14*f**2. Suppose 5*a - 16 + 1 = 0, 5*a = -2*t + 13. Let b be w(t). Let y be (-8)/(-28) + (-416)/b. Calculate the highest common factor of y and 75.
15
Let z be (-4)/10*(-110)/(-11). Let c be z/3*(-6)/2*33. Calculate the greatest common factor of c and 12.
12
Let c(b) = -b**3 - 4*b**2 + 2*b + 10. Let i be c(-4). Suppose -i*a + 257 = 4*d + 43, a = -5*d + 269. Calculate the highest common factor of 12 and d.
6
Let b(k) = 32*k**2 + 21*k - 21. Let u be b(1). Calculate the greatest common divisor of 352 and u.
32
Let f(s) = s**3 + 21*s**2 + s + 18. Let t be f(-21). Let c = 3 + -7. Let p be 1 - t*(-4)/c. What is the highest common divisor of p and 6?
2
Let h(t) = 14*t + 58. Let k be h(-4). Let y be (820/30)/(k/9). Calculate the highest common divisor of 82 and y.
41
Let k = 10 + -21. Let h(i) = i**3 + 12*i**2 + 10*i. Let s be h(k). Let r be 288/s - 6/33. Calculate the greatest common divisor of r and 13.
13
Let s be -32 - -42 - (2/(-2) - 1). Suppose -172 = -8*f - s. What is the highest common factor of 10 and f?
10
Let u(w) = w**2 - 9*w + 14. Let y be u(6). Let l be (4/y)/((-4)/(-56)). Let t(g) = -3*g. Let z be t(l). Calculate the greatest common factor of 63 and z.
21
Let w(l) = -19*l - 217. Let v be w(-19). Calculate the greatest common divisor of v and 56.
8
Let d be (-1348)/6 - 14/(-21). Let y be (24 + 1)*(d/(-40) - 5). Calculate the highest common factor of 105 and y.
15
Suppose 0 = 3*y - 2*g - 11, 0 - 1 = 3*y + g. Let h be (-377 + y)/(-4) + -4. What is the highest common factor of h and 10?
10
Suppose -4*j = 3*w - 566, -j + 194 = -5*w + 64. Let v = 36 + -16. Calculate the highest common factor of v and j.
20
Suppose 3*u = -0*k + 4*k + 60, -k = -4*u + 15. Let z be (-1790)/k - 4/(-6). Calculate the greatest common divisor of z and 15.
15
Let b be ((-2)/6)/(7/(-147)). Let y = 12 - b. Suppose -y*s = -s + 8, -4*j + s = -442. Calculate the highest common factor of 22 and j.
22
Let w(x) = 4*x - 11. Let m be w(4). Suppose 121 = 4*t + m*y, -5*t - 6*y = -3*y - 135. What is the highest common divisor of 3 and t?
3
Suppose -6*n - 34 = 92. Let t = n + 51. Calculate the highest common divisor of t and 120.
30
Suppose 20*p = 20 + 380. What is the highest common divisor of p and 80?
20
Let h be (-8 + 12)*5/(-4). Let t = h + 49. What is the highest common divisor of 308 and t?
44
Suppose m = 8*m - 63. Suppose z = -z + 36. Calculate the highest common factor of m and z.
9
Suppose 12 + 0 = -4*n - 4*i, n - i + 1 = 0. Let w be n/(3/24*-2). Let y = 140 - 68. Calculate the highest common factor of y and w.
8
Suppose -390 = -3*f - 5*c, -f - 2*c - 141 = -2*f. Suppose -11*z - f = -14*z. What is the greatest common divisor of z and 9?
9
Let l(v) = v - 5. Let j be l(7). Let p(t) = 43*t - 1 + 5*t**3 - 6*t**j - 3*t**3 - 38*t. Let i be p(3). What is the greatest common divisor of 7 and i?
7
Let f(r) = -r**2 - 33*r - 162. Let n be f(-7). Let b = 20 + -10. What is the greatest common divisor of b and n?
10
Let q = 146 + -20. Let w(z) = 14*z**2 + z - 1. Let j be w(1). Calculate the highest common factor of j and q.
14
Let z be (1 + -115)*(-16)/12. Suppose 4*f - 4 = z. Let j = 69 - f. Calculate the highest common factor of 3 and j.
3
Suppose -3*a = -4*q - 15, 3*a + 2 = -q - 13. Let j be (-16 + 19)/(q/(-5) - 1). Calculate the highest common divisor of j and 20.
5
Let r(b) = b**2 - 12*b - 219. Let p be r(-10). Suppose 0 = -4*t - 0*t + 20. Calculate the highest common factor of p and t.
1
Let r(j) = 8*j**2 + j + 1. Let f(g) = -18*g**2 - 2*g - 1. Let t be f(-1). Let i = t - -16. Let o be r(i). Calculate the greatest common divisor of o and 2.
2
Let k(q) = q**3 - q**2 - 10*q + 4. Let b(s) = 5*s - 21. Let n be b(12). Let o = n + -35. Let w be k(o). Calculate the greatest common factor of 132 and w.
12
Suppose 3*j - 3 = 162. Let p = 404 - 399. Calculate the greatest common divisor of j and p.
5
Let m(q) = -6*q + 71. Let a be m(11). Calculate the highest common divisor of a and 35.
5
Let v = 2 + -12. Let h be (10/4)/(v/(-460)). Calculate the greatest common factor of h and 46.
23
Let u be 17/4 + 4/(-16). Suppose 0*s - 520 = -u*s. Let o = s - 93. What is the greatest common divisor of o and 111?
37
Let t be 58 - (-1 + -2 - -1). What is the highest common divisor of t and 330?
30
Let p(h) = -h**2 + 8*h - 4. Let x be p(7). Suppose 3*z = x*a + 15, 3*a = -z + 2 + 3. Let m = 7 - -33. Calculate the greatest common factor of z and m.
5
Suppose 0 = 3*y + 346 - 1105. Calculate the highest common factor of 11 and y.
11
Let h = 3 - -3. Suppose 34 = m - 2*a, 4*m + 2*a - 94 = 82. Calculate the greatest common divisor of m and h.
6
Let k be 21*-78*(-9)/162. What is the highest common divisor of k and 247?
13
Let d be (1 - 34/30) + (-18924)/(-180). Calculate the greatest common divisor of 240 and d.
15
Let w(o) = 6*o + 108. Let a be w(-8). What is the greatest common divisor of 300 and a?
60
Let a be 1262/10 - 21/105. Calculate the highest common divisor of 36 and a.
18
Let x be 6/(-18)*(-39 - 0). Suppose -4*h = w - 29, h - 4*w + x = -1. Suppose 5*d - 5 = -0*d. What is the greatest common factor of d and h?
1
Suppose 4*d - 1148 = 388. Let i = d + -174. Calculate the greatest common factor of i and 30.
30
Suppose -11*q - 336 = -13*q. Let f = q - 7. What is the greatest common divisor of 23 and f?
23
Suppose -68 - 42 = 2*f. Let h = -44 - f. Calculate the highest common factor of 11 and h.
11
Let w be (3 + -13 - -8) + 372. What is the greatest common divisor of w and 111?
37
Let i = 1232 + -1204. What is the greatest common divisor of 16 and i?
4
Let f be (-19623)/(-15) + (-9)/(-180)*-4. Calculate the greatest common divisor of f and 24.
12
Let x(p) = -5*p**3 - 27*p**2 - 10*p + 20. Let u be x(-9). What is the highest common divisor of 64 and u?
32
Let n be (17 - 10)*(9/3 + -2). Let j(s) = -s - 1. Let c be j(3). Let h be (-162)/c - n/14. What is the highest common factor of h and 10?
10
Let o(n) = 6*n**3 - 8*n**2 - 2*n + 4. Let u be o(7). Suppose 5*k - 4*h - u = -h, 4*k - 1338 = -2*h. What is the greatest common factor of k and 37?
37
Let s be ((-4)/6)/(-3*(-8)/(-36)). Calculate the highest common factor of 16 and s.
1
Suppose -474 = -4*z + 2*y, -5*z - y - 14 = -610. Calculate the greatest common divisor of 17 and z.
17
Let w be ((-816)/(-255))/((-2)/(-950)). Calculate the highest common divisor of w and 80.
80
Suppose -13*i = -5*i - 2128. What is the greatest common factor of i and 42?
14
Suppose -3*s = 8 - 44. Suppose -y + 4 + s = 0. Let t be ((-2)/5)/(2/(-10)). What is the greatest common divisor of y and t?
2
Let z be (-4)/3*(-4 + (-8)/4). What is the highest common divisor of z and 16?
8
Let l be (29 + -28)*2/(-1 - -2). Suppose 4*t - l*t - 64 = 0. What is the highest common factor of 4 and t?
4
Let m(g) = 0 + 91*g**2 - g**3 - 2 - 91*g**2 - 2*g. Let h be m(-2). Calculate the greatest common factor of 20 and h.
10
Let c be -8 + 5*(-64)/(-10). Calculate the highest common divisor of c and 32.
8
Let n = 74 - 72. Suppose n*p = -p + 567. What is the greatest common factor of p and 27?
27
Let h be 9 + (-6 - (-5 + 3)). Suppose -10 = -h*o + 15. Suppose 2*t - 28 = -0*t - 3*x, -t + o*x = -1. What is the greatest common factor of t and 44?
11
Let i(n) = n**3 + 41*n**2 + 36*n + 8. Let l be i(-40). Calculate the highest common factor of 126 and l.
42
Let s(r) = 7*r**3 - 2*r**2 + 2*r. Let o be s(2). Let h = o + -32. What is the highest common factor of 20 and h?
20
Let q = -242 - -386. Calculate the highest common factor of q and 6.
6
Suppose 2*q + 6*s - 68 = 2*s, -3*s - 44 = -q. Let c be 4792/14 - (-2)/(-7). Calculate the highest common factor of c and q.
38
Suppose 2*l + 3*y - 38 = 69, -25 = 5*y. What is the greatest common factor of l and 61?
61
Suppose -5*m + 5 = 0, -2*o = 3*o - m - 269. Let c be o/15*52